f m**4/12 + m**3/6 + 3*m**2 + 6*m. Let t be (-1)/2 - 1/(-2). Let j be q(t). Let r(d) = d. Give r(j).
6
Let h(a) = a - 3. Let d be 2*(0 - -1*3). Let r be h(d). Let u(y) = -y**3 + 5*y**2 - 5*y + 3. Calculate u(r).
6
Suppose 2*f + 0*f = -20. Let l be (-92)/(-20) - 4/f. Let r(h) = -4*h - 4 + 5*h + 5*h - l*h. Give r(4).
0
Let j(x) = x**3 + x + 14. Suppose o + 2*u + 3 = 12, -5*o - 5*u = -20. Let m(v) = 2*v + 2. Let z be m(o). Give j(z).
14
Let u(r) = r**3 - 2*r**2 - 2*r - 1. Suppose -6 = 2*z - 2. Let q = 0 + z. Give u(q).
-13
Let h = -102 - -100. Let m(f) = -5*f**2 - f + 2. Give m(h).
-16
Let u(o) = o**2 + 4*o + 1. Let f = 4 + 6. Let l be ((-4)/(-10))/((-1)/f). What is u(l)?
1
Let o(t) = -t**2 - t - 4. Let c(u) = u**2 + 3*u + 7. Let g(b) = 3*c(b) + 5*o(b). Let i be (-8 - -7)/(2/(-6)). What is g(i)?
-5
Let o(q) = q - 7. Let y be (0 - 1)*(-4 - -3). Let r(g) = y + 1 - g - 3. Let j be r(-6). Determine o(j).
-2
Let i = 6 - 2. Let x(y) be the first derivative of y**5/120 + y**4/12 - y**3/3 - 1. Let u(z) be the third derivative of x(z). What is u(i)?
6
Let u(a) = a**2 - 2*a. Let k(r) = -r**3 - 13*r**2 + 4. Let b be k(-13). Suppose 5*f - 24 = m, 4*f - m = b*m + 36. Determine u(f).
8
Let a(x) = -1. Let y(t) = t. Let f(k) = -a(k) - y(k). Suppose 3*z - 18 = -6. What is f(z)?
-3
Let f(b) = 4*b**2 + b - 1. Let w = -1 + -1. Determine f(w).
13
Let b(r) = -r**3 - 3*r**2 + 4 + 4*r + 4*r**2 - r**2 - 2*r**2. Give b(-3).
1
Let q(j) = -4*j. Let s be (-1)/2 - ((-9)/2)/(-3). Give q(s).
8
Let d(s) be the third derivative of -s**5/60 - s**4/8 + 7*s**3/6 - s**2. Suppose -6*l = 4*h - 3*l + 23, 2*h + 14 = -4*l. What is d(h)?
-3
Let y(x) = x**3 - 6*x**2 + x - 7. Suppose -2*h = -h - 5*n - 16, n = 4*h - 26. Determine y(h).
-1
Let k(a) = -2*a**2 + 2*a + 2. Let r be 3 - -2 - (1 + 1). Determine k(r).
-10
Suppose 3*s - 13 = -d - 0*d, -5*s + 20 = 2*d. Let j(h) = h - 6. Let u be j(s). Let p = 2 - u. Let q(y) = y**3 - 3*y**2 - 2*y + 1. Calculate q(p).
-7
Suppose 0*a - 2*n - 24 = -4*a, -5*a + n + 27 = 0. Let p(d) = a*d**2 + 2 - 2*d - 6*d**2 + d. Suppose -r + 1 = -k - 0*k, -3*r = -5*k + 1. Give p(r).
-10
Suppose n = 6*s - 2*s - 15, -3 = n - s. Let v(i) = 2*i + 2*i**2 - n + 2 - 3 - i**3. Give v(3).
-5
Let d = -41 + 46. Let v(x) = 2*x + 4. Determine v(d).
14
Suppose g = 5*m + 25, -2 = -2*g + m + 3. Let o = 1 + g. Let b(w) be the second derivative of w**5/20 - w**4/12 + w**3/6 + 2*w + 40. Calculate b(o).
1
Let y(i) = -43 + 38 - 5*i**2 - 2*i + 4*i + i**3. What is y(5)?
5
Let n be (-1)/(((-6)/(-16))/((-63)/(-84))). Let a(u) = -2*u**3 - 3*u**2 - u + 1. What is a(n)?
7
Let s(n) = n + 1. Let m be s(-6). Let a(i) = -i**3 - 5*i**2 - i + 1. What is a(m)?
6
Suppose -4 = -4*w + 5*w. Let k(p) be the first derivative of -p**4/4 - p**3 + p**2/2 - 2*p + 12. Calculate k(w).
10
Let r(b) = -b + 7. Suppose 5*n - 29 = 1. Determine r(n).
1
Let n = 0 - -5. Let t(z) be the first derivative of -z**6/360 + z**5/30 + 7*z**4/24 + 2*z**3/3 + 3. Let m(i) be the third derivative of t(i). Determine m(n).
2
Suppose 0*d = -4*d + 8. Let x be (d - 1)/((-4)/20). Let o(q) = 5 + 0 + q**2 - 3*q - 2*q**2. Give o(x).
-5
Let w(a) = -a**2 - 9*a - 6. Let g(x) = 2*x**2 + 18*x + 12. Let y(v) = -2*g(v) - 5*w(v). Calculate y(-6).
-12
Let t(i) = -5*i**3 + i + 1. Let x be (3/(-9))/((-4)/(-2 - 10)). What is t(x)?
5
Let k(q) = -2 - q - 3 - 3. Let o be k(-7). Let t(h) = -4*h - 1. Give t(o).
3
Let p(t) = t - 5. Let u(h) = 6. Let r(f) = 3*p(f) + 2*u(f). Let d(o) = 2*o - 3. Let s be d(4). Suppose 0*n + s*n = 10. Calculate r(n).
3
Let z(s) be the second derivative of -s**5/20 - s**4/2 - 5*s**3/6 + 3*s**2/2 - 2*s. Suppose -18 = 3*p - 3. Give z(p).
3
Suppose 0*d + d + 2 = 2*n, 4*n = 8. Let a(j) = -j**3 - 3*j**2 + 2. Let f be a(-3). Let w(c) = f*c + 2*c - 7*c - 4 + d*c. Determine w(-4).
0
Let o(g) be the third derivative of -g**5/10 + g**4/24 - g**3/6 + g**2. Let h be 6/(-1) + (7 - 7). Let b = h + 7. Give o(b).
-6
Let b(q) = -q + 7. Let c be 76/(-6 + 2) + 1. Let w = -12 - c. Give b(w).
1
Let g(a) = -3*a**3 - a**2 + 1. Let f(z) = -z - 13. Let y be f(-14). Calculate g(y).
-3
Suppose 0 = -3*q - 2*q + 25. Let a(c) = 6 + c + 0*c - q*c + 3*c. Calculate a(6).
0
Let s(g) = g**3 - 6*g**2 - g + 8. Let k be s(6). Let w(o) = -o**2 + o + 1. Give w(k).
-1
Let w = 5 - 3. Let f(o) = -o**2 - 7*o - 4. Let x be f(-6). Let s(v) = 0*v + v**x - 2 + 0 - v. Determine s(w).
0
Let m = 31/120 + -1/4. Let i(c) be the third derivative of 1/30*c**5 + 1/12*c**4 + 0 + 0*c**3 + 2*c**2 + m*c**6 + 0*c. Calculate i(-2).
-4
Suppose 9*r - 12*r - 9 = 0. Let u(i) = -2*i**2 - 3*i - 1. What is u(r)?
-10
Let x(l) = l**2. Suppose 4*t + 7 = -17. Let z be (-1 - 2)*t/(-9). What is x(z)?
4
Let s(k) = 2*k**2 - 5 + k - 6 - 5 + 17. Give s(-1).
2
Let i(k) = 2*k + 5. Let p be i(0). Suppose c + 0*c = -2*r, -p*r = -c. Let m(o) = o**3 - o - 13. Calculate m(c).
-13
Suppose -2*f = -14 + 6. Let q(c) = 3 - 7 + f*c - 6*c. Determine q(-3).
2
Suppose -3 = -3*o - 0. Suppose 1 = -p - o. Let v be 1*p + (1 - 2). Let r(j) = j**2 + 2*j + 4. Give r(v).
7
Let n(k) = -k**2 + k. Let h = -4 + 3. Let w(d) = -5*d**2 - d - 1. Let r(l) = h*w(l) + 4*n(l). Let p be ((-16)/(-12))/((-1)/3). Calculate r(p).
-3
Let r(v) = -v**3 + 6*v**2 + 2*v - 9. Let u be r(6). Suppose -u*z = z. Let m(i) = 0*i + z*i - 2 - 3*i. Give m(-2).
4
Let w(k) be the first derivative of k**3/3 - 3*k**2 + k + 15. Let t = -10 + 34. Let h be (3/(-2))/((-9)/t). Determine w(h).
-7
Suppose 3*b = 2*k + 2*k + 6, -3*b + k = -6. Let d(f) = -f**3 + 5*f**2 - 2*f + 3. Determine d(b).
11
Let t(c) = -c - 2. Let d(b) be the second derivative of -3*b**4/2 - b**3/6 - b**2/2 + b. Let k be d(-1). Let r be 64/(-36) - (-4)/k. Determine t(r).
0
Let d be 7*(-18)/(-210) + (-4)/(-10). Let n(m) = -6*m**2 + 1. What is n(d)?
-5
Let y(r) = -12 - 4*r + 1 + 9 + 0*r**2 + r**2. Let p = 30 - 19. Let u = p + -6. Determine y(u).
3
Let h(n) = n**3 - 3*n**2 - 5*n. Let y(j) = j + 2. Let g(c) = c**3 + 2*c**2 - 2*c + 1. Let w be g(-3). Let m be (-3)/w + (-3)/(-6). Let b be y(m). What is h(b)?
-4
Let w(l) be the third derivative of -l**6/120 - l**5/20 - l**4/12 - l**2. Calculate w(-3).
6
Let q = 3 - 1. Let d(o) = 0*o**2 - 4*o + o**2 - q*o**2 + 4. Let z(m) = 2*m**2 - 12*m + 6. Let c be z(5). Give d(c).
4
Let b(f) = 1. Let h be 15*(39/15 - 3). Let a(z) = z - 5. Let j(s) = h*b(s) + a(s). What is j(0)?
-11
Let i be 1 + 2 - 6/2. Let a = 2 + 3. Let r(v) = i*v + 1 - a*v + v. Calculate r(2).
-7
Let c(n) be the third derivative of n**4/6 - n**3/2 + 2*n**2. Let o(a) = -a**3 + 4*a**2 - 2. Let k be o(4). Let y = k + 4. Determine c(y).
5
Let p(a) be the second derivative of -a**5/40 - 7*a**4/24 + 5*a**3/6 + 2*a. Let i(n) be the second derivative of p(n). Determine i(-5).
8
Let b(x) = x**2 - 7*x + 7. Let u be b(6). Let h be 4 + -2 + 1 + u. Let o(l) be the second derivative of -l**4/6 + l**3 - 5*l**2/2 - 11*l. Give o(h).
-13
Let c(u) = -u**3 - 4*u**2 - 3*u - 3. Let k be (-4)/(-10) + 1036/35. Suppose -g + 3*z - 13 = z, 5*g + k = 3*z. What is c(g)?
-3
Suppose 5*p + 2*r = 27, 2*p + 0*p - 8 = 2*r. Let q(j) = -j**2 + 6*j - 1. Give q(p).
4
Suppose 4*i = i - 6. Let h(p) = 3*p**3 + 2*p**2 - 3*p + 3. Let l(f) = f**3 + f**2 - f + 1. Let x(s) = h(s) - 4*l(s). Determine x(i).
-3
Let r(t) = -7*t**3 - 2*t**2 - t. Suppose 0 = -5*z + 20, -5*n - 3*z = -0*z - 7. Give r(n).
6
Let h = -25 - -24. Let l(n) = 4*n - 1. What is l(h)?
-5
Let r = -1 + -1. Let i(k) be the third derivative of k**5/120 + k**4/24 + 2*k**3/3 + 2*k**2. Let a(v) be the first derivative of i(v). Calculate a(r).
-1
Let l(k) = k**3 + 5*k**2 - 2*k - 2. Let y(z) = -4*z**3 - 21*z**2 + 9*z + 7. Let c(f) = 9*l(f) + 2*y(f). Calculate c(-3).
-4
Let z(i) = i**3 - 6*i**2 + 6*i + 4. Let d(s) = 2*s + 6. Let m be d(-8). Let w = 15 + m. Give z(w).
9
Let v(r) be the third derivative of r**8/840 + r**7/2520 - r**5/120 - r**4/12 + 2*r**2. Let k(y) be the second derivative of v(y). Give k(-1).
-8
Let r(c) be the third derivative of c**4/12 + c**3/3 + 3*c**2. What is r(-4)?
-6
Let t be -2*(-2)/(4/7). Let p(s) = 10*s + 174*s**2 - 168*s**2 - s**3 - 4*s - 5 + 2. What is p(t)?
-10
Let d be (-1 - 1) + (-2 - -7). Let z(h) = -3*h + 5*h - d*h. Let k = 3 - 2. What is z(k)?
-1
Suppose 2 = v - 3. Suppose 3*g + 1 = -4*u, v + 7 = -3*u. Suppose -2*a + 3*a + g = 0. Let j(z) = z**3 + 5*z**2 - 6. 